{"id":5,"date":"2024-08-07T11:39:30","date_gmt":"2024-08-07T11:39:30","guid":{"rendered":"https:\/\/redaccionenfermera.com\/holistica\/mesmerize\/"},"modified":"2026-03-22T10:51:14","modified_gmt":"2026-03-22T10:51:14","slug":"mesmerize","status":"publish","type":"page","link":"https:\/\/redaccionenfermera.com\/holistica\/","title":{"rendered":"Front Page"},"content":{"rendered":"<!-- content style : start --><!-- content style : end --><div  id=\"features-2\" style=\"background-color: #ffffff;\" data-label=\"Features\" data-id=\"features-ov-4-mc\" data-export-id=\"features-ov-4-mc\" data-category=\"features\" class=\"features-ov-4-mc content-section content-section-spacing\"><div  class=\"gridContainer\"> <div  data-type=\"row\" class=\"row spaced-cols text-center\"><div  class=\"col-xs-12 col-sm-4 col-padding\"> <i  class=\"fa icon fa-clone large shadow-large-black round aligncenter reverse color1\"><\/i> <div  data-type=\"column\" class=\"\"> <h5  class=\"font-400\">Ambiente<\/h5> <p  class=\"\">Sabemos que el estilo de vida de una persona influye, en gran medida, en la aparici\u00f3n de patolog\u00edas cr\u00f3nicas e, igualmente, contribuye a su mantenimiento a lo largo del tiempo.<\/p><\/div> <\/div> <div  class=\"col-xs-12 col-sm-4 col-padding\"> <i  class=\"fa icon fa-cogs large shadow-large-black round aligncenter reverse color2\"><\/i> <div  data-type=\"column\" class=\"\"><h5  class=\"font-400\">Salud Holistica<\/h5> <p  class=\"\">Esta visi\u00f3n muestra un cambio de enfoque en la atenci\u00f3n sanitaria, que tradicionalmente se ha basado en un sistema paternalista en el que el sujeto adoptaba un rol pasivo, situ\u00e1ndose como receptor de informaci\u00f3n..<\/p><\/div> <\/div> <div  class=\"col-xs-12 col-sm-4 col-padding\"> <i  class=\"fa icon fa-magic large shadow-large-black round aligncenter reverse color4\"><\/i> <div  data-type=\"column\" class=\"\"><h5  class=\"font-400\">Cuidado Integral<\/h5> <p  class=\"\">Las enfermeras y enfermeros adquieren un papel fundamental como educadores ya que su eje central de acci\u00f3n es el cuidado de la salud de las personas.<\/p><\/div> <\/div><\/div> <\/div><\/div><div  id=\"about-1\" style=\"background-color: #f5fafd;\" data-label=\"About\" data-id=\"about-images-right-section-mc\" data-export-id=\"about-images-right-section-mc\" data-bullets-visibility=\"true\" data-category=\"about\" class=\"about-images-right-section-mc content-section content-section-spacing\"><div  class=\"gridContainer\"> <div  class=\"row middle-sm text-center\"><div  class=\"col-sm-5 content-left-sm\" data-type=\"column\"> <h5  class=\"\">Cuidado Integral<\/h5> <h2  class=\"\">Enfermeria Holistica!<\/h2> <p  class=\"\">El modelo de adaptaci\u00f3n de Callista Roy es una teor\u00eda que se enfoca en el cuidado hol\u00edstico del paciente.\n<br >el ser humano es un sistema adaptativo que est\u00e1 constantemente interactuando con su entorno. Este modelo entiende que la enfermer\u00eda debe centrarse en la adaptaci\u00f3n del paciente a su entorno, con el fin de promover la salud y el bienestar.<\/p> <a  class=\"button color1\" href=\"#\">GET STARTED TODAY<\/a><\/div> <div  class=\"col-sm-7 space-bottom-xs\"><div  class=\"image-group-side-3-img\"> <img  decoding=\"async\" class=\"topimg shadow-large\" src=\"https:\/\/redaccionenfermera.com\/holistica\/wp-content\/uploads\/2024\/08\/enfermeras-pieza-clave-en-la-modificacion-de-habitos-de-vida-1.jpg\" title=\"enfermeras-pieza-clave-en-la-modificacion-de-habitos-de-vida-1\" alt=\"\"> <img  decoding=\"async\" class=\"rightimg shadow-large\" src=\"https:\/\/redaccionenfermera.com\/holistica\/wp-content\/uploads\/2024\/08\/que-son-los-cuidados-paliativos-1.webp\" title=\"que-son-los-cuidados-paliativos\" alt=\"\"> <div  class=\"leftimg\"> <img  decoding=\"async\" class=\"shadow-large\" src=\"https:\/\/redaccionenfermera.com\/holistica\/wp-content\/uploads\/2024\/08\/48951163373_c05ce494b0_o-1_0.jpg\" title=\"48951163373_c05ce494b0_o (1)_0\" alt=\"\"><\/div> <\/div><\/div> <\/div><\/div> <\/div><div  id=\"features-1\" style=\"background-color: #ffffff;\" data-label=\"Features\" data-id=\"features-16-card-bordered-mc\" data-export-id=\"features-16-card-bordered-mc\" data-bullets-visibility=\"true\" data-category=\"features\" class=\"features-16-card-bordered-mc content-section content-section-spacing\"><div  class=\"gridContainer\"> <div  class=\"row text-center\"><div  class=\"section-title-col\" data-type=\"column\"> <h5  class=\"\">la persona que se interna en un hospital o cl\u00ednica<\/h5> <h2  class=\"\">lo hace generalmente por tres razones<\/h2> <p  class=\"lead\">&nbsp;la primera y m\u00e1s habitual es el padecimiento de alguna patolog\u00eda que requiera un tratamiento complejo, en este caso el sujeto no decide su internaci\u00f3n como algo natural, sino que lo ve<br >como un acontecimiento negativo.\n<br >La segunda raz\u00f3n, es la maternidad.\n<br >Un acontecimiento en la mayor\u00eda de los casos grato, que se ha institucionalizado en nuestra cultura pese a ser una manifestaci\u00f3n de buena salud.<br >por \u00faltimo tenemos la tercer causa de internaci\u00f3n que pueden ser<br >aquellas intervenciones solicitadas por el sujeto, es decir las cirug\u00edas est\u00e9ticas.<\/p><\/div> <\/div> <div  class=\"row spaced-cols\" data-type=\"row\"> <div  class=\"col-xs-12 col-sm-6 col-md-4\"> <div  class=\"card no-padding bordered y-move\"> <img  decoding=\"async\" class=\"face\" src=\"https:\/\/redaccionenfermera.com\/holistica\/wp-content\/uploads\/2024\/08\/Depositphotos_18287743_original-562x375-1.jpg\" title=\"Depositphotos_18287743_original-562x375\" alt=\"\"> <div  data-type=\"column\" class=\"col-padding-small col-padding-small-xs description-container\"> <h4  class=\"font-500\">Enfermeria Oncologica Integrativa<\/h4> <p  class=\"\">Esta visi\u00f3n muestra un cambio de enfoque en la atenci\u00f3n sanitaria, que tradicionalmente se ha basado en un sistema paternalista en el que el sujeto adoptaba un rol pasivo, situ\u00e1ndose como receptor de informaci\u00f3n.<\/p><\/div> <div  data-type=\"column\" class=\"col-padding-small col-padding-small-xs read-more-container\"><a  class=\"read-more\">learn more<\/a><\/div> <\/div><\/div> <div  class=\"col-xs-12 col-sm-6 col-md-4\"><div  class=\"card no-padding bordered y-move\"> <img  decoding=\"async\" class=\"face\" src=\"https:\/\/redaccionenfermera.com\/holistica\/wp-content\/uploads\/2024\/08\/48951163373_c05ce494b0_o-1_0.jpg\" title=\"48951163373_c05ce494b0_o (1)_0\" alt=\"\"> <div  data-type=\"column\" class=\"col-padding-small col-padding-small-xs description-container\"> <h4  class=\"font-500\">Cuidado Integral Holistico<\/h4> <p  class=\"\">acompa\u00f1ar al paciente respetando sus actitudes mentales y<br >espirituales, para ayudar a levantar y equilibrar la salud de sus<br >pacientes por medio de la conexi\u00f3n enfermera-paciente, ofreciendo<br >una mayor conciencia de s\u00ed mismo.<\/p><\/div> <div  data-type=\"column\" class=\"col-padding-small col-padding-small-xs read-more-container\"><a  class=\"read-more\">learn more<\/a><\/div> <\/div><\/div> <div  class=\"col-xs-12 col-sm-6 col-md-4\"><div  class=\"card no-padding bordered y-move\"> <img  decoding=\"async\" class=\"face\" src=\"https:\/\/redaccionenfermera.com\/holistica\/wp-content\/uploads\/2024\/08\/Azul-Blanco-Moderno-Empresa-Negocio-Miniatura-de-YouTube-1.png\" title=\"Azul-Blanco-Moderno-Empresa-Negocio-Miniatura-de-YouTube-1\" alt=\"\"> <div  data-type=\"column\" class=\"col-padding-small col-padding-small-xs description-container\"> <h4  class=\"font-500\">Metodologia Enfermera<\/h4> <p  class=\"\">En las \u00faltimas d\u00e9cadas estamos asistiendo a un aumento progresivo en la prevalencia de problemas de salud cr\u00f3nicos, que se han convertido en la principal causa de muerte y discapacidad en el mundo. Adem\u00e1s, su evoluci\u00f3n lenta y progresiva, implica una necesidad de cuidados, algunos muy especializados a largo plazo; esto, supone un desaf\u00edo para la sostenibilidad del Sistema Sanitario por el gran impacto socioecon\u00f3mico que ocasionan.<\/p><\/div> <div  data-type=\"column\" class=\"col-padding-small col-padding-small-xs read-more-container\"><a  class=\"read-more\">learn more<\/a><\/div> <\/div><\/div> <\/div><\/div> <\/div><div  id=\"content-1\" style=\"background-color: #f5fafd;\" data-label=\"Content\" data-id=\"content-7-mc\" data-export-id=\"content-7-mc\" data-category=\"content\" class=\"content-7-mc content-section content-section-spacing\"><div  class=\"gridContainer\"> <div  class=\"row middle-sm\"><div  class=\"col-sm-6 space-bottom-xs\" data-type=\"column\"> <h2  class=\"\">Evolucion &amp; Paradigma<\/h2> <p  class=\"\">Esta evoluci\u00f3n en el modelo de atenci\u00f3n sanitaria se ha acompa\u00f1ado por un cambio en la forma de trabajar de los profesionales, que centran sus intervenciones en la promoci\u00f3n del autocuidado. Atendiendo a esto, las enfermeras y enfermeros adquieren un papel fundamental como educadores\/as, ya que su eje central de acci\u00f3n es el cuidado de la salud de las personas. Estos cuidados se aplican desde distintos \u00e1mbitos: los hospitales, los centros de salud, las escuelas, las administraciones p\u00fablicas, las misiones internacionales de cooperaci\u00f3n etc.<br ><br >Atendiendo a esto, las enfermeras somos co-protagonistas en la mejora de la calidad de vida de las personas, ya que poseemos la responsabilidad de coordinar y prestar cuidados dirigidos a capacitar a pacientes para el autocuidado, fomentando el compromiso con su salud. En este sentido, las enfermeras lideramos el desarrollo de programas de educaci\u00f3n para la salud, una competencia propia y que est\u00e1 orientada a mejorar el bienestar de las personas atendidas.  Para ello, como profesionales partimos de las vivencias, conocimientos y motivaciones de la persona, tom\u00e1ndolas como base para promover su autocuidado y la toma de decisiones en salud, buscando un bienestar integral en su vida cotidiana.<\/p> <a  class=\"button color1\" href=\"#\">LEARN MORE<\/a><\/div> <div  class=\"col-sm-6\" data-type=\"column\"> <img  decoding=\"async\" class=\"shadow-large\" src=\"https:\/\/redaccionenfermera.com\/holistica\/wp-content\/uploads\/2024\/08\/enfermera-digital.jpeg\" title=\"enfermera-digital\" alt=\"\"><\/div> <\/div><\/div> <\/div><div  id=\"content-2\" style=\"background-color: #ffffff;\" data-label=\"Content\" data-id=\"content-8-mc\" data-export-id=\"content-8-mc\" data-category=\"content\" class=\"content-8-mc content-section content-section-spacing\"><div  class=\"gridContainer\"> <div  class=\"row middle-sm\"><div  class=\"col-sm-6 space-bottom-xs space-top-xs\" data-type=\"column\"> <img  decoding=\"async\" class=\"shadow-large\" src=\"https:\/\/redaccionenfermera.com\/holistica\/wp-content\/uploads\/2024\/08\/GettyImages-1152149150-1536x1025-1.jpg\" title=\"Portrait of a nurse using a digital tablet\" alt=\"\"><\/div> <div  class=\"col-sm-6\" data-type=\"column\"><h2  class=\"\">Salud &amp; Esp\u00edritualidad<\/h2> <p  class=\"\">La OMS los define como el \u201cenfoque que mejora la calidad de vida de pacientes y familias que se enfrentan a los problemas asociados con enfermedades amenazantes para la vida, a trav\u00e9s de la prevenci\u00f3n y alivio del sufrimiento por medio de la identificaci\u00f3n temprana e impecable evaluaci\u00f3n y tratamiento del dolor y otros problemas, f\u00edsicos, psicol\u00f3gicos y espirituales\u201d y ha decretado que los cuidados paliativos son un derecho esencial para todas las personas.<\/p> <a  class=\"button color1\" href=\"#\">LEARN MORE<\/a><\/div> <\/div><\/div> <\/div><div  id=\"portfolio-1\" data-label=\"Portfolio\" data-id=\"portfolio-5-mc\" data-export-id=\"portfolio-5-mc\" data-bullets-visibility=\"true\" data-category=\"portfolio\" class=\"portfolio-5-mc content-section content-section-spacing section-title-col-white-text bg-color1\"><div  class=\"gridContainer\"> <div  class=\"row text-center\"><div  class=\"section-title-col\" data-type=\"column\"> <h5  class=\"\">Blog<\/h5> <h2  class=\"\">Portfolio<\/h2> <p  class=\"lead\">La enfermer\u00eda es una de las profesiones m\u00e1s importantes en el \u00e1mbito de la salud. Los enfermeros y enfermeras son los encargados de cuidar de los pacientes y hacerles sentir c\u00f3modos en momentos dif\u00edciles. Por eso, la formaci\u00f3n y especializaci\u00f3n en este \u00e1mbito es crucial para ofrecer un servicio de calidad..<\/p><\/div> <\/div> <div  class=\"row space-bottom spaced-cols\" data-type=\"row\"> <div  class=\"col-xs-12 col-sm-4 text-center\"> <div  class=\"card no-padding bordered\"> <div  data-hover-fx=\"portfolio-6\" class=\"contentswap-effect contentswap-overlay\" style=\"float: none; margin: 0; width: 100%;\"> <div  class=\"initial-image\" style=\"float: none; margin: 0;\"> <img  decoding=\"async\" data-size=\"500x333\" src=\"https:\/\/redaccionenfermera.com\/holistica\/wp-content\/uploads\/2024\/08\/Azul-Blanco-Moderno-Empresa-Negocio-Miniatura-de-YouTube-1.png\"><\/div> <div  class=\"overlay bg-color6\" style=\"display: block; transition: opacity 800ms ease 0s; -webkit-transition-timing-function: ease; -moz-transition-timing-function: ease; -o-transition-timing-function: ease; transition-timing-function: ease;\"><\/div> <div  class=\"swap-inner col-xs-12\" style=\"display: block; transition: all 800ms ease 0s; background-color: rgba(0,0,0,0); margin-top: 0;\"> <div  class=\"row full-height-row middle-xs middle-sm\"> <div  class=\"col-xs-12 text-center content-holder\"> <a  class=\"button small color2\" href=\"#\" target=\"_self\" data-cp-link=\"1\" rel=\"noopener\">View case study<\/a><\/div> <\/div><\/div> <\/div> <div  class=\"col-xs-12\"> <div  class=\"space-bottom space-top\" data-type=\"column\"> <h5  class=\"\">Oncologia Integrativa<\/h5> <p  class=\"small italic\">Lorem ipsum dolor sit amet, consectetur adipiscing elit, sed do eiusmod tempor incididunt ut labore<\/p><\/div> <\/div><\/div> <\/div> <div  class=\"col-xs-12 col-sm-4 text-center\"> <div  class=\"card no-padding bordered\"> <div  data-hover-fx=\"portfolio-6\" class=\"contentswap-effect contentswap-overlay\" style=\"float: none; margin: 0; width: 100%;\"> <div  class=\"initial-image\" style=\"float: none; margin: 0;\"> <img  decoding=\"async\" data-size=\"500x333\" src=\"https:\/\/redaccionenfermera.com\/holistica\/wp-content\/uploads\/2024\/08\/que-son-los-cuidados-paliativos-1.webp\"><\/div> <div  class=\"overlay bg-color6\" style=\"display: block; transition: opacity 800ms ease 0s; -webkit-transition-timing-function: ease; -moz-transition-timing-function: ease; -o-transition-timing-function: ease; transition-timing-function: ease;\"><\/div> <div  class=\"swap-inner col-xs-12\" style=\"display: block; transition: all 800ms ease 0s; background-color: rgba(0,0,0,0); margin-top: 0;\"> <div  class=\"row full-height-row middle-xs middle-sm\"> <div  class=\"col-xs-12 text-center content-holder\"> <a  class=\"button small color2\" href=\"#\" target=\"_self\" data-cp-link=\"1\" rel=\"noopener\">View case study<\/a><\/div> <\/div><\/div> <\/div> <div  class=\"col-xs-12\"> <div  class=\"space-bottom space-top\" data-type=\"column\"> <h5  class=\"\">Espiritualidad&amp;Oracion<\/h5> <p  class=\"small italic\">Lorem ipsum dolor sit amet, consectetur adipiscing elit, sed do eiusmod tempor incididunt ut labore<\/p><\/div> <\/div><\/div> <\/div> <div  class=\"col-xs-12 col-sm-4 text-center\"> <div  class=\"card no-padding bordered\"> <div  data-hover-fx=\"portfolio-6\" class=\"contentswap-effect contentswap-overlay\" style=\"float: none; margin: 0; width: 100%;\"> <div  class=\"initial-image\" style=\"float: none; margin: 0;\"> <img  decoding=\"async\" data-size=\"500x333\" src=\"https:\/\/redaccionenfermera.com\/holistica\/wp-content\/uploads\/2013\/11\/pexels-rodnae-productions-6129689-1.jpg\"><\/div> <div  class=\"overlay bg-color6\" style=\"display: block; transition: opacity 800ms ease 0s; -webkit-transition-timing-function: ease; -moz-transition-timing-function: ease; -o-transition-timing-function: ease; transition-timing-function: ease;\"><\/div> <div  class=\"swap-inner col-xs-12\" style=\"display: block; transition: all 800ms ease 0s; background-color: rgba(0,0,0,0); margin-top: 0;\"> <div  class=\"row full-height-row middle-xs middle-sm\"> <div  class=\"col-xs-12 text-center content-holder\"> <a  class=\"button small color2\" href=\"#\" target=\"_self\" data-cp-link=\"1\" rel=\"noopener\">View case study<\/a><\/div> <\/div><\/div> <\/div> <div  class=\"col-xs-12\"> <div  class=\"space-bottom space-top\" data-type=\"column\"> <h5  class=\"\">Salud Holistica<\/h5> <p  class=\"small italic\">Lorem ipsum dolor sit amet, consectetur adipiscing elit, sed do eiusmod tempor incididunt ut labore<\/p><\/div> <\/div><\/div> <\/div><\/div> <div  class=\"row\"><div  data-type=\"column\" class=\"col-xs-12 text-center\"> <a  class=\"button color2 y-move\" href=\"#\">View Portfolio<\/a><\/div> <\/div><\/div> <\/div><div  id=\"testimonials-1\" style=\"background-color: #ffffff;\" data-label=\"Testimonials\" data-id=\"testimonials-5-mc\" data-export-id=\"testimonials-5-mc\" data-category=\"testimonials\" class=\"testimonials-5-mc content-section content-section-spacing\"><div  class=\"gridContainer\"> <div  class=\"row\"><div  data-type=\"column\" class=\"section-title-col\">   <\/div> <\/div> <div  class=\"row spaced-cols content-center-sm\" data-type=\"row\">   <div  class=\"col-sm-4\"> <div  class=\"card y-move bordered\" data-type=\"column\">     <\/div> <\/div><\/div> <\/div><\/div><div  id=\"cta-1\" style=\"background-color: #f5fafd;\" data-label=\"Cta\" data-id=\"cta-blue-section-mc\" data-export-id=\"cta-blue-section-mc\" data-category=\"cta\" class=\"cta-blue-section-mc content-section content-section-spacing le_cocktail white-text\"><div  class=\"gridContainer\"> <div  class=\"row middle-xs\"><div  class=\"col-sm-8 space-bottom-xs\" data-type=\"column\"> <h2  class=\"\">&nbsp;No se trata s\u00f3lo del tratamiento de la enfermedad, sino tener en cuenta todos los factores que pueden afectar la salud del paciente y su recuperaci\u00f3n<\/h2> <\/div> <div  class=\"col-sm-4 end-sm\" data-type=\"column\"> <a  class=\"button color2\" href=\"#\">GET STARTED TODAY<\/a><\/div> <\/div><\/div> <\/div><div  id=\"team-1\" style=\"background-color: #ffffff;\" data-label=\"Team\" data-id=\"team-5-mc\" data-export-id=\"team-5-mc\" data-bullets-visibility=\"true\" data-category=\"team\" class=\"team-5-mc content-section content-section-spacing\"><div  class=\"gridContainer\"> <div  class=\"row text-center\"><div  class=\"section-title-col\" data-type=\"column\"> <h5  class=\"\">Salud Integrativa<\/h5> <h2  class=\"\">Quienes Somos<\/h2> <p  class=\"lead\">enfermer\u00eda hol\u00edstica tampoco se trata solamente de utilizar productos creados a base de plantas para utilizarlos con fines m\u00e9dicos. Es mucho m\u00e1s que eso..<\/p><\/div> <\/div> <div  class=\"row spaced-cols content-center-sm\" data-type=\"row\">    <div  class=\"col-xs-12 col-sm-6 col-md-3 col-padding\"> <div  class=\"row \"> <div  data-type=\"column\" class=\"col-xs-12 col-sm-12\">     <div  class=\"social-icons-group\" data-type=\"group\"> <a  href=\"https:\/\/www.facebook.com\/redaccionenfermera\" target=\"_self\" rel=\"noopener\" class=\"\"><i  class=\"gray fa icon fa-facebook-square\"><\/i><\/a> <a  href=\"#\" target=\"_self\" rel=\"noopener\"><i  class=\"gray fa icon fa-twitter-square\"><\/i><\/a> <a  href=\"#\" target=\"_self\" rel=\"noopener\"><i  class=\"gray fa icon fa-linkedin-square\"><\/i><\/a> <a  href=\"#\" target=\"_self\" rel=\"noopener\"><i  class=\"gray fa icon fa-google-plus-square\"><\/i><\/a><\/div> <\/div><\/div> <\/div><\/div> <\/div><\/div><div  id=\"latest-news-1\" style=\"background-color: #f5fafd;\" data-label=\"Latest-news\" data-id=\"blog-section-mc\" data-export-id=\"blog-section-mc\" data-category=\"latest_news\" class=\"blog-section-mc blog-section-standard content-section content-section-spacing\"><div  class=\"gridContainer\"> <div  class=\"row\"><div  data-type=\"column\" class=\"section-title-col\"> <h5  class=\"\">Atencion Holistica<\/h5> <h2  class=\"\">Modelo Integrativo<\/h2> <p  class=\"lead\">enfermer\u00eda hol\u00edstica evita la idea de que la persona sea definida por su enfermedad y,a cambio, trata al paciente como un todo.<br >A la hora del trato al paciente, la enfermera hol\u00edstica tendr\u00e1 en cuenta la mente, cuerpo y esp\u00edritu, as\u00ed como las necesidades socioculturales, emocionales y del entorno del paciente.<br >Para las enfermeras hol\u00edsticas no se trata s\u00f3lo del tratamiento de la enfermedad, sino tener en cuenta todos los factores que pueden afectar la salud del paciente y su recuperaci\u00f3n. De hecho, se podr\u00eda decir que una gran parte de la enfermer\u00eda hol\u00edstica est\u00e1 dedicada a la atenci\u00f3n preventiva en lugar de diagn\u00f3stica.<\/p><\/div> <\/div> <div  class=\"row\"> <div  data-type=\"row\" data-dynamic-columns=\"handled\" data-content-shortcode=\"mesmerize_latest_news posts=&quot;3&quot;\">\t\t<div class=\"row center-sm content-left-sm\">\n\t\t\t\t\t<div id=\"post-1\" class=\"col-sm-6 col-md-4 space-bottom space-bottom-xs\">\n\t\t\t\t<div class=\"post-content card y-move bordered\">\n\t\t\t\t\t<div class=\"post-thumbnail\">\n   <a href=\"https:\/\/redaccionenfermera.com\/holistica\/hola-mundo\/\" class=\"post-list-item-thumb \">\n      <img loading=\"lazy\" decoding=\"async\" width=\"1024\" height=\"683\" src=\"https:\/\/redaccionenfermera.com\/holistica\/wp-content\/uploads\/2013\/11\/pexels-rodnae-productions-6129689-1-1024x683.jpg\" class=\"attachment-post-thumbnail size-post-thumbnail wp-post-image\" alt=\"\" srcset=\"https:\/\/redaccionenfermera.com\/holistica\/wp-content\/uploads\/2013\/11\/pexels-rodnae-productions-6129689-1-1024x683.jpg 1024w, https:\/\/redaccionenfermera.com\/holistica\/wp-content\/uploads\/2013\/11\/pexels-rodnae-productions-6129689-1-300x200.jpg 300w, https:\/\/redaccionenfermera.com\/holistica\/wp-content\/uploads\/2013\/11\/pexels-rodnae-productions-6129689-1-768x512.jpg 768w, https:\/\/redaccionenfermera.com\/holistica\/wp-content\/uploads\/2013\/11\/pexels-rodnae-productions-6129689-1.jpg 1279w\" sizes=\"(max-width: 1024px) 100vw, 1024px\" \/>   <\/a>\n<\/div>\n\t\t\t\t\t<div class=\"col-padding col-padding-xs\">\n\t\t\t\t\t\t<h3 class=\"post-title space-bottom-small\">\n\t\t\t\t\t\t\t<a href=\"https:\/\/redaccionenfermera.com\/holistica\/hola-mundo\/\" rel=\"bookmark\">\n\t\t\t\t\t\t\t\tenfermer\u00eda hol\u00edstica\t\t\t\t\t\t\t<\/a>\n\t\t\t\t\t\t<\/h3>\n\t\t\t\t\t\t<p>A grandes rasgos, la enfermer\u00eda hol\u00edstica evita la idea de que la persona sea definida por su enfermedad y, a cambio,&nbsp;trata al paciente como un todo. A la hora del[&hellip;]<\/p>\n\t\t\t\t\t\t<a class=\"read-more link\" href=\"https:\/\/redaccionenfermera.com\/holistica\/hola-mundo\/\">\n\t\t\t\t\t\t\tRead more\t\t\t\t\t\t<\/a>\n\t\t\t\t\t<\/div>\n\t\t\t\t<\/div>\n\t\t\t<\/div>\n\t\t\t\t<\/div>\n\t<\/div><\/div> <div  class=\"row\"><div  class=\"text-center\"> <a  class=\"button color1\" data-attr-shortcode=\"href:mesmerize_blog_link\" href=\"https:\/\/redaccionenfermera.com\/holistica\/blog\/\">VIEW OUR BLOG<\/a><\/div> <\/div><\/div><\/div><div  id=\"contact-1\" style=\"background-color: #ffffff;\" data-label=\"Contact\" data-id=\"contact-1-mc\" data-export-id=\"contact-1-mc\" data-bullets-visibility=\"true\" data-category=\"contact\" class=\"contact-1-mc content-section content-section-spacing white-text\" data-parallax-depth=\"20\"><div  class=\"gridContainer\"> <div  class=\"row text-center\"><div  class=\"section-title-col\" data-type=\"column\"> <h5  class=\"\">Unete a Nuestra Comunidad<\/h5> <h2  class=\"\">Contacta Con Nosotros<\/h2> <p  class=\"lead\">Explora todos los temas de enfermer\u00eda online&nbsp;<\/p><\/div> <\/div> <div  class=\"row text-center\"> <div  class=\"col-xs-12 col-sm-8 col-sm-offset-2 contact-form-wrapper inline-info\"> <div  class=\"card large-padding\"> <div  class=\"\" data-content-shortcode=\"mesmerize_contact_form\" data-editable=\"true\"><p style=\"text-align:center;color:#ababab\">El formulario de contacto aparecer\u00e1 aqu\u00ed. Para activarlo, debes ajustar el par\u00e1metro \"shortcode formulario de contacto\u201d en el personalizador.<\/p><\/div><\/div> <\/div><\/div> <\/div><\/div>","protected":false},"excerpt":{"rendered":"<p>Ambiente Sabemos que el estilo de vida de una persona influye, en gran medida, en la aparici\u00f3n de patolog\u00edas cr\u00f3nicas e, igualmente, contribuye a su mantenimiento a lo largo del tiempo. Salud Holistica Esta visi\u00f3n muestra un cambio de enfoque en la atenci\u00f3n sanitaria, que tradicionalmente se ha basado en un sistema paternalista en el&hellip; <br \/> <a class=\"read-more\" href=\"https:\/\/redaccionenfermera.com\/holistica\/hola-mundo\/\">Leer m\u00e1s<\/a><\/p>\n","protected":false},"author":2,"featured_media":0,"parent":0,"menu_order":0,"comment_status":"closed","ping_status":"closed","template":"page-templates\/homepage.php","meta":{"saved_in_kubio":false,"footnotes":""},"class_list":["post-5","page","type-page","status-publish","hentry"],"kubio_ai_page_context":{"short_desc":"","purpose":"general"},"_links":{"self":[{"href":"https:\/\/redaccionenfermera.com\/holistica\/wp-json\/wp\/v2\/pages\/5","targetHints":{"allow":["GET"]}}],"collection":[{"href":"https:\/\/redaccionenfermera.com\/holistica\/wp-json\/wp\/v2\/pages"}],"about":[{"href":"https:\/\/redaccionenfermera.com\/holistica\/wp-json\/wp\/v2\/types\/page"}],"author":[{"embeddable":true,"href":"https:\/\/redaccionenfermera.com\/holistica\/wp-json\/wp\/v2\/users\/2"}],"replies":[{"embeddable":true,"href":"https:\/\/redaccionenfermera.com\/holistica\/wp-json\/wp\/v2\/comments?post=5"}],"version-history":[{"count":32,"href":"https:\/\/redaccionenfermera.com\/holistica\/wp-json\/wp\/v2\/pages\/5\/revisions"}],"predecessor-version":[{"id":105,"href":"https:\/\/redaccionenfermera.com\/holistica\/wp-json\/wp\/v2\/pages\/5\/revisions\/105"}],"wp:attachment":[{"href":"https:\/\/redaccionenfermera.com\/holistica\/wp-json\/wp\/v2\/media?parent=5"}],"curies":[{"name":"wp","href":"https:\/\/api.w.org\/{rel}","templated":true}]}}